the greatest common divisor of b and 496?
16
Suppose -12*m + 600 = -0*m. Suppose -5*k + m = -65. Suppose -4*c + 107 = k. What is the highest common factor of c and 147?
21
Let x(z) = -34*z**2 + 4395*z + 156. Let p be x(128). Calculate the highest common factor of p and 20.
20
Let k = 8448 + -7207. Calculate the highest common factor of k and 51.
17
Let r(s) = -s**2 + 5*s + 3. Let b be r(3). Suppose 2*x = -b*x + 132. What is the highest common divisor of 276 and x?
12
Suppose -5*a + 138 = 3*h - a, a = 0. Suppose -2*u + 5*f + 70 = u, u - h = -4*f. What is the greatest common divisor of 15 and u?
15
Let g be (-126)/(-36)*(-8 - 75276/(-63)). Calculate the highest common divisor of 1474 and g.
134
Let v = 7034 + -6999. Calculate the greatest common divisor of 1645 and v.
35
Suppose -33 = -8*w + 7. Suppose -2*u + w = -3. Suppose i - 5*i + 65 = g, 0 = 3*g + u*i - 155. What is the greatest common divisor of 15 and g?
15
Let h be (-16)/6*-69 + 3. Suppose 6*n - 15*n + 189 = 0. Suppose 326 = n*f - 31. Calculate the greatest common factor of h and f.
17
Suppose -5*u + 1320 = 10*s - 15*s, 3*u = -4*s + 820. Suppose 86*t - 23042 = 5768. What is the highest common divisor of u and t?
67
Let v(i) = 23 + i + i - 840*i**2 - 14*i + 839*i**2. Let f be v(-8). What is the greatest common divisor of 33 and f?
11
Suppose -5*s + 63321 = -3*h - h, 12669 = s + 4*h. Calculate the greatest common factor of 34 and s.
17
Let s(d) = -27*d + 84. Let i be s(19). Let c = i - -1377. Calculate the greatest common factor of 12 and c.
12
Let v(l) = -10*l + 222. Let o be v(20). Suppose 0 = 8*m + o*m - 1500. Calculate the greatest common factor of 450 and m.
50
Let k = -42 + 18. Let q = 26 - k. Suppose 4*s - 3*g - 68 = 0, -2*s - 4*g + 6 = -q. Calculate the greatest common divisor of 140 and s.
20
Suppose -124 = -14*d + 86. Suppose d*k - 71 + 11 = 0. Calculate the greatest common divisor of k and 9.
1
Let m = -5593 + 5629. Suppose 881 = 4*f - 127. What is the highest common factor of m and f?
36
Suppose 18*y - 2*o + 92 = 19*y, -3*o - 177 = -2*y. What is the greatest common divisor of 2070 and y?
90
Let f(j) = 3*j + 1. Let i be f(2). Let y be 519/21 - (-2)/i. Let s = 5166 + -5161. Calculate the highest common divisor of y and s.
5
Let h = -5686 - -5690. Let d(j) = j - 2. Let o be d(2). Let y be o/2 + (-12)/(-1). Calculate the greatest common divisor of h and y.
4
Let w = -14926 + 14952. Calculate the highest common divisor of 38 and w.
2
Suppose 3*s = 9 - 150. Let z = 53 + s. Let g be ((-2)/((-24)/z))/(2/68). What is the highest common factor of 187 and g?
17
Suppose 8 = -6*a + 164. Suppose 136 = -a*c + 34*c. Calculate the highest common divisor of 17 and c.
17
Let w(i) = -4*i + 24. Let d be w(3). Let x be (2 + (-28)/d)*-75. What is the highest common factor of 25 and x?
25
Let n(h) be the second derivative of -17*h**5/20 + h**4/12 - 7*h**3/6 - 4*h**2 + 134*h. Let l be n(-1). Calculate the greatest common divisor of 34 and l.
17
Suppose -114*p + 111*p = -9. Calculate the highest common factor of 15 and p.
3
Let x = 10066 - 5857. What is the greatest common divisor of x and 69?
69
Let k be ((-36)/15)/((-2)/30). Suppose -z + 25 + 95 = 0. Suppose 10*a - z = 5*a. Calculate the highest common divisor of a and k.
12
Let c be 15/45 + 608/12. Let m = 52 - c. What is the highest common factor of 17 and m?
1
Let q be 5/(-10) + 4/8. Suppose q = -14*z + 7*z + 693. Suppose 123 = 6*u - 75. Calculate the greatest common factor of u and z.
33
Suppose 87 = 4*d - 2*d - 113. What is the highest common divisor of 4 and d?
4
Suppose -w + 4*b = 2*w - 219, -b - 210 = -3*w. Let t = -55 + w. Suppose -5*o = x + t - 42, 24 = 5*o + 3*x. Calculate the highest common divisor of 30 and o.
6
Suppose -17 - 148 = -3*o. Suppose 3*u - 8 = a, -21*a - u = -19*a - 12. Suppose -a*h - 91 = -135. Calculate the highest common factor of o and h.
11
Let u be 267*(-22)/(-33) - -11. Let d = 104 - 50. What is the greatest common divisor of u and d?
27
Let a(r) = 6*r**2 + 12*r - 2. Let c be a(-4). Calculate the highest common divisor of c and 1150.
46
Let t = 109 - 91. Let b = 2 + t. What is the greatest common factor of b and 30?
10
Let s(d) be the third derivative of d**6/40 - d**5/60 - d**4/12 + 2*d**3/3 - 15*d**2 - 3*d. Let n be s(2). Calculate the greatest common divisor of 380 and n.
20
Let s(h) = -801*h - 15. Let k be s(-1). Suppose -k = -10*w - 66. Let p = 14 - -2. Calculate the highest common divisor of w and p.
8
Let l(i) = -31*i**2 + 146*i - 4. Let c be l(4). What is the greatest common divisor of c and 861?
21
Let c(m) = -23*m + 178. Let b be c(8). Let z be 34 - (b/(-16) + (-234)/(-144)). What is the greatest common divisor of 224 and z?
32
Suppose 851 = 5*w + 266. Let u be (-6)/1*(-6)/4. What is the greatest common divisor of u and w?
9
Let u(r) = 5*r**2 + 3*r + 22. Let k be u(-5). Let q(o) = o**3 - 5*o**2 + 7*o. Let d be q(3). Calculate the greatest common factor of d and k.
3
Suppose 3*j - 57 = -3*r, 5*j = j - 2*r + 72. Suppose -14*d + j*d = 15. Let g be ((-22)/d + 4)*-10. What is the greatest common factor of 16 and g?
4
Let n(a) = a**3 + 7*a**2 + 4*a - 9. Let h be n(-6). Suppose -7*f + 15 = -4*f, -3*f = h*t - 60. What is the highest common factor of 145 and t?
5
Let b = 223 + -221. Suppose -4*q = -4*f - 656 - 472, -4*q - b*f = -1146. Calculate the greatest common factor of q and 38.
19
Let m = -88 + 68. Let r = 29 - m. Calculate the highest common factor of 28 and r.
7
Let c be 323/289 + -1 - (-19984)/68. Calculate the greatest common factor of c and 3486.
42
Let z be ((2 - 7) + -12)*(-60 + 2). Calculate the highest common factor of 136 and z.
34
Suppose -5*q - 37 = -x, -17*x + 58 = -13*x - 2*q. Suppose -x*c - 1456 = -25*c. What is the greatest common factor of 14 and c?
14
Let b = -11927 - -11988. What is the greatest common factor of 3 and b?
1
Let c be 2*-1*-118 + 2. Suppose 6*u + 1489 - 1573 = 0. What is the greatest common factor of u and c?
14
Suppose u - 149 = 5*b, 0 = -u + 4*b + 137 + 9. Suppose 5*l + 2*n + 101 = -u, 3*l + 130 = n. Let a = l + 129. What is the greatest common divisor of a and 21?
21
Let q = 367 - 363. Suppose d - 179 = -q. What is the highest common factor of d and 50?
25
Let m(n) = n**3 + 44*n**2 - 35*n + 827. Let j be m(-44). Calculate the highest common factor of 9 and j.
9
Let i(z) = -35*z - 7. Let d be i(-1). Suppose -2*x + d = -10. Calculate the highest common factor of x and 19.
19
Let s = 530 + -520. What is the greatest common divisor of 810 and s?
10
Let d be 37583/236 - (-3)/(-12). Calculate the highest common divisor of d and 30.
3
Suppose -50 - 14 = -8*v. Let b = 68 + -65. Let x be (0 + 6)*(-2 + b). Calculate the greatest common divisor of x and v.
2
Suppose 0 = -4*p - p - 5. Let m be (p/5 - 72/(-60)) + 11. Let y be (-16)/(-3)*-1*(-18)/m. Calculate the highest common factor of y and 4.
4
Suppose 3*t = -t - 4*f - 136, f = -4*t - 133. Let j be 22/t*(-825)/10. Calculate the greatest common divisor of j and 495.
55
Suppose 682 = 2*i - 2*y, 1 = -104*y + 105*y. Calculate the highest common divisor of i and 2850.
114
Suppose 0 = -5*d + 2*d + 390. Suppose -1559 = 12*a - 1679. What is the highest common factor of d and a?
10
Let u be (-4080)/(-36) - (-14)/(-6). What is the greatest common divisor of 1961 and u?
37
Let z = -323 + -406. Let k = -560 - z. What is the greatest common divisor of 13 and k?
13
Suppose 0 = 8*u - 133 - 91. Let d be 4*-3*(-14)/u. Calculate the highest common factor of d and 78.
6
Let x be 94752/1134 + 8/18. Let p(o) = o**3 + o - 4. Let u be p(0). Let q be (-24)/10*(-1 + u). What is the greatest common divisor of x and q?
12
Let m be (4/10)/((-10)/(-600))*(2 + 0). What is the greatest common divisor of m and 400?
16
Suppose 0 = 2*u - 45 - 5. Let c(j) be the third derivative of -j**4/6 - 7*j**3/3 + 3*j**2. Let q be c(-6). Calculate the greatest common divisor of q and u.
5
Suppose -14*p + 45*p = -11714 + 75729. Calculate the highest common divisor of p and 70.
35
Let z = -2298 - -2318. Calculate the highest common factor of 2980 and z.
20
Suppose -112*w + 367 + 1008 = 24*w - 11*w. Suppose 2 = -2*g + 3*g. Suppose g*b = 4*b - 374. What is the highest common factor of w and b?
11
Suppose -2*c + 8*m - 5*m = -110, 5*m = -c + 29. Let l = c - -65. What is the highest co